hat are the prime factors of m?
2, 251
Let q be 13/13*1/1. What are the prime factors of (1086/24 - q/4) + 2?
47
Let c(o) = -2*o**2 - 3*o + 5. Let p be c(2). List the prime factors of (-488)/p + (-38)/171.
2, 3
Let t = -20 - -17. Let l be (-5 - -7) + (t - 0). What are the prime factors of 37 + (l/1)/1?
2, 3
Let f be (-3)/(-4) + -6*(-226)/(-16). Let a = 48 - f. List the prime factors of a.
2, 3, 11
Suppose -5*n - 3*m - 2*m - 25 = 0, -m = -n + 1. Let q be -1 - ((-58)/n - 2). What are the prime factors of (-161)/q*8/1?
2, 23
Suppose -28*q + 53 + 31 = 0. What are the prime factors of q?
3
Let x = 10 + -4. What are the prime factors of (-1)/x*-3*118?
59
Let h(q) = q**3 - 5*q**2 + 3*q + 4. Suppose -12 = -8*i + 5*i. Let s be h(i). Suppose 0 = -g + 2*g, s = -4*p + 2*g + 132. What are the prime factors of p?
3, 11
Let o(f) be the second derivative of -19*f**4/24 - 2*f**3/3 + 9*f**2/2 + 9*f. Let x(y) be the first derivative of o(y). What are the prime factors of x(-2)?
2, 17
Let l(u) = -u**2 + 17*u - 14 - 13 + 5. List the prime factors of l(10).
2, 3
Let p = 322 - 6522. List the prime factors of (p/(-12))/5 + (-2)/6.
103
Suppose 0*p = 5*p + 30. Let h be 3/p - (-2)/4. Suppose 4*s - 7 - 37 = h. List the prime factors of s.
11
Suppose -49 = 4*n - 11*n. Let v = n - -37. List the prime factors of v.
2, 11
Let s(j) be the second derivative of 0 - 8/3*j**3 + 4*j - 3/2*j**2. List the prime factors of s(-2).
29
Let j = 2000 - 1916. What are the prime factors of j?
2, 3, 7
Let n = 13 - 21. Let k = n + 10. Suppose -3*v + k*v = -31. What are the prime factors of v?
31
Let d = 1224 + 165. What are the prime factors of d?
3, 463
Suppose 2*u + 0 = -10, 3*u = -4*m + 2845. What are the prime factors of m?
5, 11, 13
Suppose 2*b + 2*b = -816. Let c = b + 304. List the prime factors of c.
2, 5
Suppose -3*k - 27 = 6*g - 3*g, 0 = 5*g - 5. Let h = -13 - k. List the prime factors of 0*h/6 + 3.
3
Let t(q) = 86*q + 16. Let h be t(3). Suppose -3*j + h = -j. List the prime factors of j.
137
Let a(i) be the second derivative of i**4/12 + 7*i**3/6 + i**2 - 6*i. Let h be a(-8). List the prime factors of (-202)/(-5) + (-4)/h.
2, 5
List the prime factors of 146/(5/(-50)*2*-1).
2, 5, 73
List the prime factors of -1 + 2490 + 40 + -49.
2, 5, 31
Suppose 81*k - 103*k = -23848. What are the prime factors of k?
2, 271
Let k be 0 + 10/15*3. Suppose k*y - 46 = 30. What are the prime factors of y?
2, 19
Suppose 570 = l - 4*i, 0 = -2*l + 2*i - 6*i + 1104. List the prime factors of l.
2, 3, 31
Suppose -4*a + 10 = -10. Suppose a*p = 7*p - 84. List the prime factors of p.
2, 3, 7
Let f(o) = o - 1. Let w(u) = -u + 2. Let g(n) = -5*f(n) - 4*w(n). Let r be g(-5). Suppose 0 = r*a + 14 - 82. List the prime factors of a.
2, 17
Suppose 1 = 2*d - 3. Let g = d + -17. Let c = g + 27. What are the prime factors of c?
2, 3
Suppose -7*p = -2*v - 8*p + 5908, 4*v + 4*p - 11812 = 0. What are the prime factors of v?
3, 5, 197
Let a = 695 + 2743. What are the prime factors of a?
2, 3, 191
Let r(o) = 2451*o - 18. What are the prime factors of r(1)?
3, 811
List the prime factors of 343 + -5 + 4 + 0 + -2.
2, 5, 17
Let y(v) = 2 - 2*v**2 - 7*v + 3*v**2 + v + v**2. Let h be y(5). What are the prime factors of (h + -10)*(-13)/(-3)?
2, 13
Suppose 19*q - 8000 = 3248. List the prime factors of q.
2, 37
Let x be 5 - (0 - (-2)/(-6))*-3. List the prime factors of x/3*(-5 + 134).
2, 43
Suppose -3*g = -6*g - u + 9, -u = 2*g - 7. Suppose g*y = v - 257 + 29, -5*y = 5*v - 1140. List the prime factors of v.
2, 3, 19
Suppose 2*p = -3*t + 2, p - 20 = 3*t - 1. Let o(z) = 1 - 6*z + p*z - 2 + 4*z. List the prime factors of o(3).
2, 7
Suppose 0 = 4*o - 5*s - 3005, -4*o + 0*s - 3*s = -2997. What are the prime factors of o?
2, 3, 5
Let a be 6/3 + 18/6. Suppose -7*b = a*b - 1572. List the prime factors of b.
131
List the prime factors of 400 + (-11 - 25/(-5)).
2, 197
Let w be 1 - (-1 - 15/(-3)). Let n(d) = -21*d + 7 - 3 - 6. List the prime factors of n(w).
61
Let l(c) = -c**2 + 12*c. Let t be l(8). Let d = 1 + t. What are the prime factors of d?
3, 11
Let b(q) = -q**3 + 45 - 3*q - q + 21*q**2 + 9*q. What are the prime factors of b(21)?
2, 3, 5
Let a = -12 + 14. Suppose 0 = -7*x + a*x + 40. What are the prime factors of ((-28)/x + 3)*-12?
2, 3
Let y(p) = 134*p + 6. Let j be y(1). Suppose 26 = s - j. List the prime factors of s.
2, 83
Let p = -613 + 1480. What are the prime factors of p?
3, 17
Let q be -3 - (0 + 2)/(-1). Let k be q/3 - 3924/(-27). Suppose -i = 4*i - k. What are the prime factors of i?
29
Suppose 5*n - 6 = 294. Let j = 4 - 4. Suppose -5*h + 0*h + n = j. List the prime factors of h.
2, 3
Suppose 1722*x = 1732*x - 50640. List the prime factors of x.
2, 3, 211
Let t be 10/(-35) - (-187)/(-7). Let p = t - -7. Let f = 44 + p. What are the prime factors of f?
2, 3
Let n be 1/(1/(-3))*-3. Suppose -5*y = -p - 0 - 12, -n = -p - 2*y. Let k(x) = 5*x + 2. What are the prime factors of k(p)?
17
Let d(c) = -6*c**3 + 3*c**2 + 10*c + 7. What are the prime factors of d(-3)?
2, 83
Suppose z - 4*z + p = -5, -5*p + 35 = 5*z. Suppose -5*c - 22 = -4*m, -2*m + 17 = -c + z*m. List the prime factors of 204/20 - c/(-10).
2, 5
Let i = -142 - -157. What are the prime factors of i?
3, 5
Suppose 5*h = -3*y - 6, 2*y - 24 = -y + 5*h. Let g = y + -55. Let x = g - -89. List the prime factors of x.
37
What are the prime factors of 6*(-268)/7*7/(-3)?
2, 67
Suppose -13 = b - 4*v, -4*b - 5 = 3*v - 29. Suppose -w + 5*i + 25 = 0, b*w - 157 = -w + i. List the prime factors of w.
2, 5
Suppose -665 = 5*u + 455. Let m = 398 + u. List the prime factors of m.
2, 3, 29
Let d(c) be the third derivative of c**6/120 + c**5/30 - c**4/8 + 11*c**3/6 + 17*c**2. What are the prime factors of d(5)?
3, 19
Let s be (((-1)/(-3))/(1/(-417)))/(-1). Let f = s + -66. List the prime factors of f.
73
Let g = 25 + -21. Suppose -g*w = -0*w. List the prime factors of 28 + 1 - (-2 - w).
31
Let i = -54 - -63. Suppose -2*z + 4*h + 682 = 0, -2*h + i = -5*h. List the prime factors of z.
5, 67
Suppose -2*y - 4*n + 492 = 0, 0*y - 462 = -2*y + 2*n. List the prime factors of y.
2, 59
Let l be (2 + 0)*(-2 - (-134)/(-4)). What are the prime factors of (l - 3)*(-3)/6?
37
Let q(n) = n**2 + 2*n - 5. Let w be q(2). Suppose -w*h + 4*u + 337 = 0, 0 = 5*h - u - 2*u - 569. List the prime factors of h.
5, 23
Let q be 10*(2/(-4) - 1). Let t(l) = l**2 - 2. Let g be t(-2). List the prime factors of g/(2 + 27/q).
2, 5
Let g = 600 - 82. What are the prime factors of g?
2, 7, 37
Suppose -5*q = -q - 5*o - 34, 0 = q + 5*o + 4. Suppose 0 = -18*u + 14*u - 2*r - 10, 2*u = -2*r - 6. What are the prime factors of q*(1 - (u + 0))?
2, 3
List the prime factors of (-10)/55 - (-13028)/22.
2, 37
Suppose 2*y + 0 = -v - 1, -4*v + 5*y = 30. Let i be (v - (-4 - 0))*2. What are the prime factors of ((-42)/15)/(i/35)?
7
What are the prime factors of (-68)/8 - -8 - 23475/(-6)?
2, 3, 163
Suppose -3*o + 1 = -11, 3*c + 3*o - 984 = 0. Suppose -7*w + c = -3*w. What are the prime factors of w?
3
Let m be ((-8)/10)/(26/(-65)). Suppose k + 5 = m*g + 52, -8 = 4*g. List the prime factors of k.
43
Let t(a) = -7*a - 11. Let l(q) = 7*q + 12. Let z(i) = -4*l(i) - 5*t(i). What are the prime factors of z(10)?
7, 11
Suppose 159*r = 105*r + 194346. What are the prime factors of r?
59, 61
Suppose v + 4*g + 554 = 0, 4*g + 0*g = 5*v + 2674. Let u = -330 - v. List the prime factors of u.
2, 13
Let b be -2 - 16/(-4)*1. Suppose -2*i - b*p + 136 = 2*p, -2*i - 2*p = -128. What are the prime factors of i?
2, 3, 5
Let a(l) = 3*l**2 + 7*l + 11. Let w be a(-6). Suppose 5*k - w = -f + 17, 5*k - 93 = -2*f. What are the prime factors of k?
19
Suppose -54 = 3*x + q - 292, x + q - 78 = 0. Let j be 6*(190/300 + (-2)/(-10)). Suppose -4*d = j*y - x, -4*d + 7*d - 71 = -y. List the prime factors of d.
5
Let t(p) be the second derivative of -p**3 + 4*p**2 - p. Suppose -5*w = 2*q - 4*q + 17, 0 = -5*q - 4*w - 40. What are the prime factors of t(q)?
2
Let z(v) = -v**3 - 9*v**2 + v + 11. Suppose -3*k - 98 = -4*h, 2*h + 0*k = 2*k + 50. Let g = -32 + h. What are the prime factors of z(g)?
2
Let i(v) = -12*v - 10*v + 28*v + 3. List the prime factors of i(4).
3
Let d(s) = 23*s**3 - 33*s**3 + 15 + 12*s**3 + 20*s**2 + 11*s. What are the prime factors of d(-8)?
3, 61
Suppose -5*m + 0*d = 